
131
Suppose -l - 2*l - 9 = 0. List the prime factors of 26 - (-4 - -1 - l).
2, 13
Suppose -2*o = 0, 4*z + 0*z - 2*o - 4 = 0. Let r be 56/6 + z/(-3). Suppose -4*m = -r*m + 55. What are the prime factors of m?
11
Let a(h) be the second derivative of -h**5/20 + h**3/6 - h**2 + h. Let u be ((-8)/(-3))/4*-3. What are the prime factors of a(u)?
2
Suppose 5*p - 50 + 5 = 0. What are the prime factors of ((-24)/p - -3)*15?
5
Suppose 990 = 4*p + 3*f, 5*f = -2*p + 406 + 82. What are the prime factors of p?
3, 83
Let x = 2 - 11. Let b = 5 + x. List the prime factors of (b/(-6))/(6/81).
3
Suppose -2*i - 265 = 3*i. Let w = 74 + i. List the prime factors of w.
3, 7
Let m be (-3)/(-6) + 9/2. Suppose 5 = 3*y - 4*h, 4*h = -m*y - h + 20. List the prime factors of y.
3
Let h be (2 + 14/(-6))*-6. Suppose -3*b + 2*g = -14, 6 + 28 = 3*b + h*g. Suppose 2*l - 4*l + b = 0. What are the prime factors of l?
2
Let w(i) = i - 5. Let p be (-36)/(-10)*5/2. List the prime factors of w(p).
2
What are the prime factors of (0 - 316/(-10))/(1/5)?
2, 79
Let c(v) be the third derivative of -5*v**4/24 - 2*v**3/3 + 3*v**2. Let q = -10 + 6. What are the prime factors of c(q)?
2
Suppose -4*c = 4*w - 4 - 20, 6 = 5*c - w. Suppose c*z + 3*z = 10. Suppose 2*s - 2*m + 13 = 3*s, z*m - 52 = -4*s. What are the prime factors of s?
13
List the prime factors of (-106)/(-4) - (-3)/2.
2, 7
Let i(h) = h**2 - 9*h - 5. Let f be i(10). Suppose 0 = -f*m + m + 56. List the prime factors of m.
2, 7
Let d(n) = -n - 1. Let a be d(1). Let g be 2632/119 + 0 + (-4)/34. Let m = a + g. What are the prime factors of m?
2, 5
Let x(h) = -h**2 + 11*h - 10. Let q be x(10). Suppose q*u - 3*u + 93 = 0. List the prime factors of u.
31
Let f be 10/(-5) + 8/2. Suppose -f*m + 6 = -0. List the prime factors of 14/(m/3) + -1.
13
Let c(a) = -6*a - 5. Let x be c(4). Let i = -13 - x. List the prime factors of i.
2
Suppose 21*y = 308 + 5530. What are the prime factors of y?
2, 139
Let z = -8 + 16. Let t(l) = 8*l + 1. Let j be t(z). Suppose j = y + 4*y. What are the prime factors of y?
13
Suppose 42*s - 46*s + 28 = 0. What are the prime factors of s?
7
Let t = 4 - -1. Suppose -t*m + 7 + 13 = 0. What are the prime factors of m?
2
List the prime factors of (-2 - -3)*(-2 - -28).
2, 13
Let j be 37/(-3 + 0 + 2). Let d = j - -54. What are the prime factors of d?
17
Let u be (3/3)/((-3)/(-6)). Suppose u*p = 4*p. What are the prime factors of -2 + 5 - p - 0?
3
Suppose -4*k + 12 = -2*i, 0*i + 4*k - 12 = -i. Suppose 3*u - 30 = -i*u. List the prime factors of u.
2, 5
Let v be ((-52)/10)/(1/(-5)). Suppose 81 = 5*n - 2*f + v, -5*f - 25 = 0. List the prime factors of n.
3
Let g be ((-4)/(-6))/(5/150). Suppose 2*t + 2*t = -g. Let k(u) = u**3 + 6*u**2 + 3*u - 5. List the prime factors of k(t).
5
Let o = -47 - -51. List the prime factors of o.
2
Let s = -7 + 15. List the prime factors of 114/s - (-2)/(-8).
2, 7
Suppose 0 = -4*w + 2*f - 3*f + 183, w - 2*f - 39 = 0. List the prime factors of w.
3, 5
Let d(b) = b**3 - 5*b**2 + 15*b. List the prime factors of d(5).
3, 5
Suppose 12 = -3*s + 6*s. List the prime factors of s/2 - 3 - -3.
2
Let a = -3 + 3. Suppose 5*j - 26 = w, -j = -a*j. Let y = -14 - w. What are the prime factors of y?
2, 3
Let i be (0 - (-14)/(-4))*2. Let p = 11 + i. Suppose -p*l = 16, -2*l = -3*w + 2*l + 28. List the prime factors of w.
2
Let x(o) be the first derivative of 10*o**3/3 - o**2 + 3*o + 2. Let a(b) = -5*b**2 + b - 1. Let z(m) = -5*a(m) - 2*x(m). List the prime factors of z(-1).
5
Let t = -64 - -96. What are the prime factors of t?
2
Let q be 17/6 - 2/(-12). Suppose q*c = 3*d + 162, c + 2*d = 4*d + 58. List the prime factors of c.
2, 5
Suppose 2*s - 37 - 37 = 0. What are the prime factors of s?
37
What are the prime factors of (-1)/((-1*(-2)/(-107))/2)?
107
Let m = -2 + 5. Suppose -2*n = -15 - m. What are the prime factors of n?
3
Let p(z) be the first derivative of 8/3*z**3 - 1 - z**2 + 0*z + 1/4*z**4. List the prime factors of p(-8).
2
Let l(y) be the third derivative of -3*y**2 - 3/4*y**4 + 0*y**3 + 0 + 0*y. What are the prime factors of l(-1)?
2, 3
Suppose 0 = -2*t - 3*t - 30. Let r = -10 - t. Let v(g) = 2*g**2 + 4*g - 1. List the prime factors of v(r).
3, 5
Let a = 4 - -2. Let x(b) = b**3 - 9*b + 11*b**2 - 5 - a*b + 2*b**2. What are the prime factors of x(-14)?
3
Let n(m) = -2*m**2 + 3*m**2 - 8*m - 7 - 7. What are the prime factors of n(10)?
2, 3
List the prime factors of (0/1)/2 - -30.
2, 3, 5
Let w(t) = -4 + 4*t - 2 + 2 + 3. Let d be w(-2). What are the prime factors of (-1)/(2/4) - d?
7
Suppose -5*w = 2*v - 395, 2*v - 386 = 3*w + w. Suppose 4*r = v - 35. What are the prime factors of r?
2, 5
Let i = 1 + -4. Let r be (-30)/18*i*1. Suppose -r*u + 46 = 2*k, -2*k + 0 = 3*u - 38. What are the prime factors of k?
13
Let a(s) = s**3 - 4*s**2 + 3*s - 8. Let c be a(4). Suppose -127 = -c*t + 57. List the prime factors of t.
2, 23
Suppose -4*n = h - 132, -2*n + 6*n - 5*h - 156 = 0. List the prime factors of n.
2, 17
Let m(z) be the third derivative of z**5/30 + 5*z**4/12 + 3*z**3/2 + 2*z**2. List the prime factors of m(-6).
3, 7
Let s be ((-18)/15)/(1/(-5)). Let r(l) be the third derivative of l**4/24 + l**3/2 - l**2. List the prime factors of r(s).
3
What are the prime factors of (-781)/(-4) - (-1 + 5/4)?
3, 5, 13
Let q(r) be the third derivative of 1/8*r**6 + r**2 + 0 + 0*r + 0*r**4 - 1/60*r**5 + 0*r**3. List the prime factors of q(1).
2, 7
Suppose 4*g + 1 = 3*g, -2*g = 4*z - 22. Let l(y) = -y + 10. Let u be l(z). Suppose 5 = u*b - 19. What are the prime factors of b?
2, 3
Let u be 4/(-10) - (-176)/(-10). What are the prime factors of (-18)/4*12/u?
3
Suppose -5*o = -6*o + 100. What are the prime factors of o?
2, 5
Suppose 170 = l + 4*l. List the prime factors of l.
2, 17
Suppose -4*c + 272 = -3*z + 6*z, -3*c = -2*z + 204. List the prime factors of z.
2, 3
Let s(m) = -m**3 + 3*m**2 + 3*m - 1. Let a be 4*(-3 - 30/(-8)). List the prime factors of s(a).
2
Let c = -15 - -10. Let d(i) = -i**3 - 5*i**2 - 4*i + 8. List the prime factors of d(c).
2, 7
Let h = -2 + 3. Suppose 5*s - 55 = -5*y, -5*y + 19 = -h. What are the prime factors of s?
7
Suppose -4*s = -2*l + 7*l - 21, 0 = 5*l - s - 1. Let v = l - -12. What are the prime factors of v?
13
Let n(c) = -c - 6. Let p be n(-6). Let q be 3 + -1 - p/(-3). Let r = 9 + q. List the prime factors of r.
11
List the prime factors of (-288)/27*30/(-8).
2, 5
Let j = 69 - 33. What are the prime factors of j?
2, 3
Let g = 3 - 3. Let c(y) = 6*y + g + 4 - 8*y. List the prime factors of c(-4).
2, 3
List the prime factors of (38/(-4))/((-2)/4).
19
What are the prime factors of 115/20 - 6/8?
5
Suppose 3*d - 4 + 13 = 0. Let m = 6 + d. Suppose -5*u = -m*p - 10, -u + 6*u = -5*p + 50. What are the prime factors of p?
5
Let c(j) = j**2 - 2*j - 3. Let h be c(3). Suppose -4*p + 10 = d - 6*p, -2*d + 18 = -3*p. Suppose -d = -3*t - h. What are the prime factors of t?
2
Let g(n) = n**3 - 12*n**2 + n - 8. Let f be g(12). Suppose 1 = -r, -f*r - 80 = -4*c - 0*c. What are the prime factors of c?
19
Let m(o) = -o**3 + 2*o**2 - 3*o - 8. What are the prime factors of m(-4)?
2, 5
Suppose -5 = -5*s, -4*d + 167 = s - 442. What are the prime factors of d?
2, 19
Let a(j) = j**2 - 8*j - 3. Let q be a(9). Let i = 13 + -18. Let p = q - i. What are the prime factors of p?
11
Suppose -435 = -5*t + d, 0 = 5*t - 3*d + 48 - 483. What are the prime factors of t?
3, 29
Let c(l) = -l**3 - 3*l**2 - 3*l + 23. What are the prime factors of c(-6)?
149
Let h be 12*((-21)/(-6) + -3). Suppose -4*f + h = -f. List the prime factors of f.
2
Let c = 13 + -8. Suppose 0 = k + 5*s - 3*s, -c*k - s + 9 = 0. What are the prime factors of 14 + k + -4 - 2?
2, 5
What are the prime factors of 32*1 + 0 + 0?
2
Suppose 2*r - 22 = 7*r + 4*s, -r - 10 = -2*s. Let t(z) = -z**3 - 4*z**2 + 7*z + 3. List the prime factors of t(r).
3, 11
Let c(w) = w**3 + 5*w**2 - 2*w + 1. Let n(r) = -r - 6. Let f be n(-6). Let i be (10/2)/(f + -1). What are the prime factors of c(i)?
11
Suppose -b + 21 = -0. What are the prime factors of b?
3, 7
Let x = -45 + 137. List the prime factors of x.
2, 23
Let w(p) = -5 - 2*p + 2 + 26*p. What are the prime factors of w(2)?
3, 5
Suppose -2*h = h - 30. Let n = h + -5. Suppose -n = 3*x - 41. List the prime factors of x.
2, 3
Let b = -133